est common divisor of 2 and n.
2
Let j = 76 + -72. Suppose 5*q + 4*v = 77, 2*v + 17 - 75 = -j*q. Calculate the highest common divisor of q and 13.
13
Let t(p) be the second derivative of -p**4/12 - 29*p**3/6 + 7*p**2/2 + 8*p. Let w be t(-9). Let g = 91 + -80. What is the highest common divisor of g and w?
11
Let g = -424 + 426. Suppose 108 - 178 = -g*l. Calculate the greatest common factor of 55 and l.
5
Let p = 14389 - 4678. Calculate the greatest common factor of 166 and p.
83
Let k = -17264 + 26732. What is the greatest common factor of 108 and k?
36
Let s = -385 + 388. Suppose -12 = -m + 4*a + 44, 5*m - s*a = 314. Calculate the highest common factor of 224 and m.
32
Let r(x) = 6*x**3 + 3*x**2 + 8*x - 22. Let u be r(3). Let n = 521 - u. Calculate the highest common divisor of n and 132.
66
Suppose -11*o + o + 37420 = 4*v, -9360 = -v - 5*o. Calculate the highest common factor of 440 and v.
110
Let z(n) = 25*n - 72. Let v be z(9). Let r = 513 - v. What is the highest common factor of r and 72?
72
Let o be ((-3)/(-6))/(1 + 665*5/(-3330)). What is the greatest common factor of 74 and o?
37
Suppose t - 5*z = 1538, t = -2*z + 1479 + 108. What is the greatest common divisor of 143 and t?
143
Let k(a) = 2*a**2 - 26*a - 719. Let s be k(-14). Let q = 149 - -480. Calculate the greatest common factor of q and s.
37
Suppose -73 = -2*j + q, 4*j + 0*q - 152 = 4*q. What is the highest common divisor of 805 and j?
35
Let f = 18708 - 14866. What is the greatest common divisor of 102 and f?
34
Suppose 0 = 34*x - 13*x + 4305. Let c = x - -367. What is the greatest common divisor of 6 and c?
6
Let r be (-28)/(-20) + (-188592)/(-120). What is the highest common factor of r and 52?
13
Let b = 170 + -122. Suppose 0 = -3*m + 5*z - 6, 0 = 4*m - 8*m + 5*z - 3. Suppose 5*r - 5*y - 1695 = 0, -6 = y - m. What is the highest common factor of r and b?
48
Let r(i) = 7*i**2 - 14*i + 137. Let f be r(6). What is the greatest common divisor of f and 3355?
305
Let w be ((-30)/(-24))/(1/4). Let x = -69 + 111. Suppose x = t - 2*h - 37, 173 = 2*t + h. Calculate the greatest common factor of w and t.
5
Let u = -38746 + 38841. Let s(w) = 3*w**3 - 2*w - 1. Let p be s(2). What is the highest common divisor of u and p?
19
Let v = -3741 - -3849. What is the greatest common factor of v and 243?
27
Suppose -33935 = 43*b + 17665. Let x = -716 - b. What is the greatest common factor of 88 and x?
44
Let d be (-21)/14*8/6 - -42. Let n be (200/150)/(d/39 - 1). What is the greatest common factor of 26 and n?
26
Suppose -l = -f + 1060 + 1895, 0 = 2*l - 10. Calculate the greatest common factor of 240 and f.
80
Suppose 0 = -136*w - 355 + 5659. What is the highest common divisor of w and 25467?
39
Let p be (178/178)/(1/20). Let j(v) = 214*v + 4. Let x be j(4). Calculate the highest common divisor of p and x.
20
Let c be ((-904)/10)/((-31)/155). Calculate the greatest common divisor of 12 and c.
4
Suppose -17*c + 20*c = 342. Let t(q) = -q**3 + 15*q**2 - 9*q - 11. Let h be t(10). What is the greatest common divisor of h and c?
57
Let r be -4*(0 - 14/(-8)). Let x be r*(0 - (0 + 1)). Suppose 9*z + 5*z - 91 = 7. What is the highest common factor of z and x?
7
Suppose -4*t - 9 = -5*t. Suppose 5*f = -10 - 0, 3*o = 3*f + 195. What is the highest common divisor of t and o?
9
Suppose 0 = -u + 4*l - 9*l + 9, -3*u - 2*l = -1. Let d be (u - 22/(-6))*12. Let a = 495 + -479. What is the greatest common factor of d and a?
16
Let p = 166 - 106. Let k(y) = -4000*y - 14860. Let w be k(-4). What is the greatest common factor of w and p?
60
Let y(q) = -91*q - 423. Let f be y(-5). What is the highest common factor of f and 4176?
16
Let u be (0 + 210)/(2 - (-85)/(-50)). Calculate the greatest common divisor of u and 28.
28
Let p be 115 + 0 + 2 + -1. Suppose p = x + 35. Let g(n) = -337*n - 2013. Let i be g(-6). What is the highest common factor of i and x?
9
Let i be 4/128*-48*-126. Let a be 3*(-1 + 2*23). Calculate the greatest common factor of a and i.
27
Let p(c) = 38*c**2 + 22*c + 17. Let i be p(10). What is the highest common factor of i and 11?
11
Suppose 0 = 3*a - 5*a + 52. Suppose -214876*j - 4264 = -214958*j. What is the highest common divisor of a and j?
26
Suppose 21 = b - 7. Suppose 394 = s - k, -363*k = -368*k - 10. Calculate the highest common divisor of s and b.
28
Suppose -d - 3*m = -2620, 2*m + 2016 = d - 609. Calculate the highest common divisor of 43 and d.
43
Let w(x) = x**2 - 7*x. Let c be w(7). Suppose -105 = -r + 3*d, c = 2*d + d + 15. Let y be (r/(-12))/((-6)/16). Calculate the highest common factor of y and 100.
20
Suppose -5*k = -b - 176527, 4*k + 5*b - 174173 = -32905. Calculate the greatest common factor of 9 and k.
9
Let s(d) = -61*d**3 + 14*d**2 + 77*d + 18. Let j be s(-4). Calculate the greatest common divisor of 114 and j.
38
Let c = 24387 - 23950. Calculate the greatest common factor of 46 and c.
23
Suppose 20 = -5*c - 0. Let r(n) = -n**3 - 2*n**2 - 4*n. Let d be r(c). Suppose 42*t - 43*t + d = 0. Calculate the greatest common factor of 6 and t.
6
Let t be 1859 + (0 + 2)/((-3)/6). Suppose 8*m - 1617 - t = 0. What is the greatest common factor of m and 14?
14
Suppose j + 2*j - 43 = -n, 5*j - 53 = 3*n. Let y be 205 + (-10 - -1 - -12). What is the greatest common factor of y and j?
13
Let v = 22502 - 22487. Calculate the greatest common factor of 167 and v.
1
Let v = -363 + 371. What is the highest common divisor of v and 158?
2
Suppose 3*t = u + 1309, 5*t - 4*u + 2*u - 2183 = 0. Let c = -417 + t. Calculate the highest common factor of 153 and c.
9
Let t be (1 - 8/(-4 - -8))*-623. What is the greatest common divisor of t and 89?
89
Let l be ((-476)/6)/((-12)/54). What is the highest common divisor of l and 1479?
51
Let h be 11/(-6)*(-222 + 213) - 6/4. Calculate the greatest common divisor of h and 650.
5
Suppose -2717 = 4*x + 3*l, 0*x + x = 4*l - 684. Let i = -75 - x. What is the greatest common factor of i and 110?
55
Let f(x) be the second derivative of -25*x**3/6 + 15*x**2 + 2*x - 8. Let m be f(0). Let v be -12*((-2)/2)/1. Calculate the greatest common factor of v and m.
6
Let c(k) = k**2 - 4*k - 2. Let m be (-5)/3*(-3 - 0). Let y be c(m). Let d = 14178 - 14142. What is the highest common divisor of d and y?
3
Suppose 0 = -3*f - 5 - 4, -4*f - 137 = -5*t. Suppose 3*u - t = -20*m + 16*m, 3*m + 2*u = 20. What is the highest common divisor of 38 and m?
2
Suppose -484 = -2*a - 42*a. Suppose 3*u - 5 = -2*u, -5*v = -3*u - 382. What is the greatest common divisor of a and v?
11
Suppose -2*r = q - 83, q - r - 47 = 6*r. Calculate the greatest common factor of 2325 and q.
75
Suppose 16*z + 4*c - 764 = 12*z, -c = 0. Calculate the highest common factor of z and 1.
1
Let g be (-19)/(-1 + (-376)/(-384)). Calculate the highest common divisor of 80 and g.
16
Let x(w) = -33*w**3 - 8*w**2 + 13*w + 36. Let u be x(-2). Calculate the greatest common factor of u and 1298.
22
Let a = 17 - 12. Suppose 233 = 17*u - 22. Suppose -60 = -5*t - 3*g + a*g, -3*g + u = 3*t. What is the highest common divisor of 90 and t?
10
Let t be 18/(-108)*-4*1/(3/513). What is the highest common factor of 4750 and t?
38
Let v be (-12*(-2)/20)/(6/3225). Suppose -v = -74*g + 59*g. What is the greatest common factor of 473 and g?
43
Let i = 296 + -285. Suppose 25*n = i*n + 112. Calculate the highest common divisor of 2 and n.
2
Let i(z) = 20*z**3 + 1221*z**2 + 12*z - 147. Let p be i(-61). Calculate the highest common divisor of 196 and p.
98
Let c(o) = -2*o**2 - 25*o + 15. Let n be c(-13). Suppose -4*s + 148 = 4*l, 2*s + 66 = 4*s - n*l. Calculate the highest common divisor of s and 315.
35
Let w(q) = q**2 - 10*q - 7. Let j be w(14). Suppose -x = -j + 17. Calculate the highest common factor of 40 and x.
8
Let a(d) = -4*d + 1. Let m be a(-2). Let k(b) = -5*b**3 - 3*b**2 - 120*b - 324. Let y be k(-3). What is the highest common divisor of y and m?
9
Let d(f) = 330*f**2 - 2*f + 2. Let r be d(-1). Suppose -4*p + r = -34. What is the highest common factor of 8 and p?
4
Let j be 1360*((-2)/(10/15) - 42/(-10)). What is the highest common factor of j and 192?
96
Suppose 0 = 5*g + 5*b - 3043 - 812, -b = 4*g - 3075. What is the greatest common factor of 2064 and g?
48
Let z(v) be the third derivative of -v**4/8 - 8*v**3/3 - 3*v**2 - 2. Let a = 